e 0 = -2*d - 6*d + 1192. List the prime factors of d.
149
Let g = -2 - -11. Suppose -4*a - 26 = h - g, -a + 1 = 2*h. What are the prime factors of (h - -3)/((-2)/(-2))?
2, 3
Let r = -10 + 16. Let b(t) = t - 3. Let g be b(r). Let u = g - -4. List the prime factors of u.
7
Suppose c + c = 10. Suppose -c*s = 1 - 31. What are the prime factors of (-4)/s*54/(-4)?
3
Let v(h) = -h**2 + h - 5. Let y(p) = -3*p**2 + p - 10. Let k(c) = 5*v(c) - 2*y(c). Let t be 27/(-4) + 6/8. What are the prime factors of k(t)?
13
Let d(w) = -w**2 + 7*w + 11. Let s be d(8). Suppose -s*x + 15 = 3. What are the prime factors of x?
2
Let v = -6 + 13. Let p = v + -5. List the prime factors of -2 - -2 - p/(-1).
2
Let r be 1 + -4 + 24/3. Suppose 44 = 4*w - 2*s, r*w - 2*w - 23 = -s. List the prime factors of w.
3
Let q(s) = -s**3 + 5*s**2 + 6*s + 1. Let k be q(6). Let p be 2/k + (6 - 4). Suppose 0 = n + c - p, -n - c = 2*c - 6. What are the prime factors of n?
3
Let a(n) = -3*n**3 - 3*n**2 - 3*n. List the prime factors of a(-3).
3, 7
Suppose 8*z = 297 + 23. List the prime factors of z.
2, 5
Suppose 2*n - 105 - 19 = 0. What are the prime factors of n?
2, 31
Let q(y) = 4*y - 4. Let n = -11 + 19. What are the prime factors of q(n)?
2, 7
What are the prime factors of 5*((-216)/(-20) - 3)?
3, 13
Let n = -12 - -38. What are the prime factors of n?
2, 13
Let b = 67 + -45. Suppose 0 = -g + b - 6. What are the prime factors of g?
2
Suppose -2*s + 308 = 5*t - s, 130 = 2*t - 3*s. List the prime factors of t.
2, 31
Let g be (-1)/(1 - 1 - 1). Suppose -5*q + 9 = 2*c - g, -q + 2*c = -14. Suppose q + 0 = t. What are the prime factors of t?
2
Let y = 75 + -26. What are the prime factors of y?
7
Let u(g) = 2*g**3 - 8*g**2 - 14*g + 9. List the prime factors of u(7).
5, 41
Let n = 5 - 3. Suppose 0 = 3*k + n*k. What are the prime factors of -1 + 13 + (k - -1)?
13
Suppose -5*b + 3 = -4*y + 8, 0 = -3*y - 5*b - 5. Let j be y + -1 - (-11 + 8). Suppose -f - j*n = -4*n + 2, 0 = -4*f - 4*n + 40. List the prime factors of f.
2, 3
Suppose 3*n - 16 = -2*t + t, -2*t - 4*n + 22 = 0. Suppose -f = -1 - t. List the prime factors of f.
2
Suppose 2 = -2*d + 4. Let n be 41 + -3 + 0/d. Suppose -s = -2*p + s + n, s - 26 = -2*p. List the prime factors of p.
3, 5
Let p = 54 + 58. List the prime factors of p.
2, 7
Let p = -16 - 0. Let k = p + 24. List the prime factors of k.
2
Suppose -3*i = -4*a - 997, -1681 + 54 = -5*i - 2*a. List the prime factors of i.
3, 109
Let g = -30 + 65. What are the prime factors of g?
5, 7
Suppose -30 = -2*k - 10. Let x = -10 + k. Suppose 2*n + 5*p - 16 - 17 = x, n - 18 = -3*p. List the prime factors of n.
3
Let x(o) = o**3 - 5*o**2 + 4*o + 4. Let r be x(4). Let f = 8 + r. List the prime factors of f.
2, 3
Suppose -2*i - 2 = 4*z, -z - 27 = -3*i + 3*z. Let k(w) = -w**3 + 7*w**2 - 4*w. What are the prime factors of k(i)?
2, 3, 5
Let z be (-2)/4 + (-5)/(-2). Suppose -2*a - z = -5*r, -3*a + 18 = -0*a + 3*r. What are the prime factors of a?
2
Let r(d) = d**3 + d**2 - 2*d + 3. Let j be r(4). Suppose -o + 4*o - j = 0. List the prime factors of o.
5
Suppose 2*o - 2*g + 9 = 5*o, 2*o = -3*g + 6. Suppose -z - 2*r = -2, 3*r = -o*z - 3 + 9. Suppose 4*h + 5 + 1 = z*f, 0 = -h + 1. What are the prime factors of f?
5
Let k(z) = z**2 - z. Let p(c) = 5*c**2 + c. Let d(l) = -6*k(l) + p(l). What are the prime factors of d(6)?
2, 3
Let t = 72 - 36. Let f(x) = -x**2 + 1. Let g be f(-1). Suppose g*n - 3*n = -t. List the prime factors of n.
2, 3
Suppose 0 = -5*t - 5*i - 10 - 45, -4 = -t - 4*i. Let z = -11 - t. Suppose 45 = z*m + 5*b, 2*m - 11 = 3*b + 17. What are the prime factors of m?
11
Let a = -15 - -24. Let k = a + 5. List the prime factors of k.
2, 7
Let r(p) = p + 14. Let u be r(6). Let x = 56 - u. What are the prime factors of x?
2, 3
Let j(r) = 2*r**2. Let x be j(1). Let l be (3 - (x + 5))*2. List the prime factors of (18/l)/((-15)/40).
2, 3
Suppose u = 3*u - 40. List the prime factors of u.
2, 5
Suppose -8 = -4*o + 16. Suppose 10*v = 7*v + o. Suppose -v*f - f = -15. List the prime factors of f.
5
Let n = 32 - 4. What are the prime factors of n?
2, 7
Suppose 1 = 2*n - n. Let g be (n - 1)/(4 - 3). Suppose g*z = 4*z - 8. What are the prime factors of z?
2
Let c be ((-9)/(-6) + -2)*20. Let k = 14 + c. Suppose -r - 18 = -k*r + 4*n, 0 = 4*r + 3*n - 24. List the prime factors of r.
2, 3
Let f = 4 - 2. Let v be f - (-2 + (-2 - -1)). What are the prime factors of (1 - 2)*v*-1?
5
Let r = -1 + 1. Suppose -4*s + 7*w - 3*w + 88 = r, -2*s + 30 = 5*w. List the prime factors of s.
2, 5
Let o(j) = 3*j**2 - j**2 + 2*j**2 + 2*j. Let y = -6 - -4. What are the prime factors of o(y)?
2, 3
Let s = 13 + 83. What are the prime factors of (-1)/(-3) + s/9?
11
Suppose 7*m = 12*m - 60. Let i be (6/m)/((-2)/4). What are the prime factors of (0 + 10)*(-2)/i?
2, 5
Suppose 2*q - 104 - 56 = 0. What are the prime factors of q?
2, 5
Let n = -49 + 83. What are the prime factors of n?
2, 17
Suppose 5*o - 2 - 18 = 0. Suppose s = -o*b + 55, -2*s + 26 = 2*b - 0. List the prime factors of b.
2, 7
Suppose 247 = 3*c - 98. What are the prime factors of c?
5, 23
List the prime factors of 42 - (-1 - -4)/3.
41
Let j = -4 - -6. Let h be 5 + j/(-2 - -4). What are the prime factors of h/2 + 2 + -2?
3
Let m(a) = 2*a**2 - 3*a - 6. List the prime factors of m(5).
29
Let t = -18 - -30. Let j = 3 - 1. List the prime factors of t + 2/((-4)/j).
11
Let j = -3 - -11. Let o be 406/4 + (-6)/(-12). Suppose j*c + 120 = 5*h + 3*c, -5*h = c - o. List the prime factors of h.
3, 7
Let u be (3/(-2))/(2/(-4)). Suppose -u*l + 40 = 2*l. Let b = 16 - l. List the prime factors of b.
2
Let k(p) = -p + 10. Let u be k(4). Let o(j) = j**2 + 4*j - 8. Let s be o(-6). Suppose z = s*z - u. List the prime factors of z.
2
Let n be 97/2 + 1/(-2). Let d(m) = -2*m - 6. Let z be d(-4). Suppose g = -z*g + n. What are the prime factors of g?
2
Suppose -4*u = 4*c - 24, -4*c - 3*u = c - 40. Suppose -25 = -3*a - 2*a + 3*l, -3*a + l = -c. List the prime factors of a.
2
Let u(n) = n**2 + 7*n + 7. Let h be u(-6). Let k be 3/(3/(-12)*-6). Let y = k + h. What are the prime factors of y?
3
Suppose 5*t + 4*f = 35, f = -4*t - 2*f + 28. Let b = t - 12. Let k = b - -7. What are the prime factors of k?
2
What are the prime factors of (-4)/(-5) - (-17232)/60?
2, 3
Suppose -116 = -3*j + 2*s, -1 - 11 = 3*s. Suppose 4*z - j = 4*r, 3*z + 5*r = z - 10. List the prime factors of z.
5
Let s be (-1*2 - 0) + 20. Suppose 5*f - 5*v - 17 = s, -16 = -2*f + 3*v. Suppose f*l + 36 = 111. List the prime factors of l.
3, 5
What are the prime factors of (96/56)/(1/182)?
2, 3, 13
Let x = 249 + -114. List the prime factors of x.
3, 5
Suppose -3*r + 2*u = -61 - 36, 27 = r - 2*u. Suppose -5*o = -5*f + 40, 4*f - 36 = -0*f + 5*o. Suppose f*s - r = -s. What are the prime factors of s?
7
Let u = -66 - -104. Suppose 0 = -4*k + 3*f + u - 9, 34 = 5*k - 3*f. Let l = k + -3. What are the prime factors of l?
2
Let p = 6 - 2. Suppose 0 = -z + p*z + 45. What are the prime factors of (z/(-20))/((-2)/(-16))?
2, 3
Suppose 10 = s - 19. What are the prime factors of s?
29
Let n(v) = -19*v - 57. List the prime factors of n(-6).
3, 19
Let p = 12 - -5. Suppose 2*h = 4*o - 18, -2*o + 22 + p = 5*h. What are the prime factors of o?
7
List the prime factors of (39/4)/((-24)/(-64)).
2, 13
Let o(l) = -l**2 + 5*l + 8. Let u be o(6). List the prime factors of (0 - u)/(-1) + 16.
2, 3
Let z = 5 + -2. Suppose z*i = -2*i + 105. List the prime factors of i.
3, 7
Let n = -7 - -22. List the prime factors of n.
3, 5
Suppose 5*l + 9 = 44. Suppose 14 = i - l. List the prime factors of i.
3, 7
Let y(s) = -2*s**2 - 3*s - 1. Let t be y(-3). List the prime factors of (t/(-2))/(6 - 5).
5
Let l = -99 - -257. List the prime factors of l.
2, 79
Let v(h) = -h**2 + 8*h + 14. List the prime factors of v(6).
2, 13
Let n be ((-147)/(-14))/(2/(-4)). Let q = -3 - n. Let a = -13 + q. What are the prime factors of a?
5
What are the prime factors of 1312/8 + 4/(-2)?
2, 3
Let h = 63 - 41. List the prime factors of h.
2, 11
Suppose -4*u + 60 = 2*p, u - p - 18 = -0*u. Suppose -2*q + 4*q = -u. Let c = 6 - q. What are the prime factors of c?
2, 7
Suppose l = -3*w - 8 + 20, 2*l = 0. Suppose 3*f + 3 = w*j, 6*f + 4*j + 5 = f. What are the prime factors of ((-2)/(-4))/f*-24?
2, 3
Let f(p) = 